{"id":127,"date":"2016-07-25T14:44:30","date_gmt":"2016-07-25T12:44:30","guid":{"rendered":"https:\/\/www.lavikina.com\/it\/?page_id=127"},"modified":"2018-03-21T22:36:15","modified_gmt":"2018-03-21T21:36:15","slug":"ana-clara","status":"publish","type":"page","link":"https:\/\/www.lavikina.com\/it\/musica\/ana-clara\/","title":{"rendered":"Ana Clara"},"content":{"rendered":"<div id=\"artistbiography\" style=\"height:400px\">\n<div id=\"attachment_111\" style=\"width: 250px\" class=\"wp-caption alignleft\"><img loading=\"lazy\" decoding=\"async\" aria-describedby=\"caption-attachment-111\" class=\"wp-image-111 size-full\" src=\"https:\/\/www.lavikina.com\/de\/wp-content\/uploads\/sites\/3\/2016\/07\/AnaClara02.png\" alt=\"Ana Clara\" width=\"240\" height=\"360\" \/><p id=\"caption-attachment-111\" class=\"wp-caption-text\">Foto: Tita Padilha<\/p><\/div>\n<p>Ana Clara \u00e8 una cantautrice di Belem (Par\u00e1, Amazonia, Brasile) dove lavora come speaker radio. Ha fatto degli studi in Italia sulla radiodiffusione orientata alla musica tra gli anni 2010 e 2011.<\/p>\n<p>Il suo lavoro musicale si pu\u00f2 definire di stile Pop e abbina tenerezza e acidit\u00e0, suoni morbidi e chitarre distorte. Ana Clara ha realizzato un EP (Can\u00e7\u00f5es de Depois &#8211; 2014 &#8211; CD y vinil), un album (Ana Clara &#8211; 2015 &#8211; CD), e ha iniziato a lavorare alla sua seconda produzione.<\/p>\n<\/div>\n<div id=\"artistmusic\"><\/div>\n<div id=\"artistmisc\">\n<p>Ana Clara ci racconta curiosit\u00e0 delle sue canzoni:<\/p>\n<p>&#8220;<i>Prumar<\/i> \u00e8 una canzone di Estevao Bertoni un cantautore di Sao Paolo ed \u00e8 una canzone forte che mi fa venire la voglia di vita propria.&#8221;<\/p>\n<p>&#8220;<i>Souvenir<\/i> \u00e8 una canzone che ho scritto con Sammliz e Ed Guerreiro sono due amici. A quel punto abitavamo lontano. Quindi ho inviato per mail le parole ed abbiamo fatto cos\u00ec insieme. Il pezzo parla di un amore finito. Vi invito a sentire la canzone!&#8221;<\/p>\n<p>&#8220;<i>Polaroid sem cor<\/i> \u00e8 un pezzo che ho scritto con alcuni artisti che mi piacciono tantissimo Toni Soares e Mariano Klautau Filho. Ero gi\u00e0 una fan. Ho lavorato con loro in altri momenti ed \u00e8 un pezzo belissimo!&#8221;<\/p>\n<p>&#8220;<i>Ele sabe dancar<\/i> \u00e8 un pezzo che ho fatto con Joao Lemos parla di un ragazzo che quando non c&#8217;\u00e8 nessuno accanto a lui, lui pu\u00f2 danzare. Quello succede solo di notte quando non c&#8217;\u00e8 nessuno &#8230; senza pregiudizi &#8230; capisci?&#8221;<\/p>\n<\/div>\n<div id=\"artistvideos\">\n<h1>Videos:<\/h1>\n<div class=\"artistvideo\">\n<div class=\"postvideo\">\n<div class=\"video-container\">\n<iframe loading=\"lazy\" width=\"560\" height=\"315\" src=\"https:\/\/www.youtube.com\/embed\/cB8dVbvzc-s\" frameborder=\"0\" gesture=\"media\" allow=\"encrypted-media\" allowfullscreen><\/iframe>\n<\/div>\n<\/div>\n<div class=\"postvideo\">\n<div class=\"video-container\">\n<iframe loading=\"lazy\" width=\"560\" height=\"315\" src=\"https:\/\/www.youtube.com\/embed\/e8K10tbjQcc\" frameborder=\"0\" gesture=\"media\" allow=\"encrypted-media\" allowfullscreen><\/iframe>\n<\/div>\n<\/div>\n<\/div>\n<\/div>\n<div id=\"artistlinks\">\n<h1>Links:<\/h1>\n<p>Fanpage: <a href=\"https:\/\/www.facebook.com\/musica.anaclara\/\" target=\"_blank\" rel=\"noreferrer\">https:\/\/www.facebook.com\/musica.anaclara<\/a><\/p>\n<\/div>\n","protected":false},"excerpt":{"rendered":"<p>Ana Clara \u00e8 una cantautrice di Belem (Par\u00e1, Amazonia, Brasile) dove lavora come speaker radio. Ha fatto degli studi in Italia sulla radiodiffusione orientata alla musica tra gli anni 2010 e 2011. Il suo lavoro musicale si pu\u00f2 definire di stile Pop e abbina tenerezza e acidit\u00e0, suoni morbidi e chitarre distorte. Ana Clara ha realizzato un EP (Can\u00e7\u00f5es de Depois &#8211; 2014 &#8211; CD y vinil), un album (Ana Clara &#8211; 2015 &#8211; CD), e ha iniziato a lavorare alla sua seconda produzione. Ana Clara ci racconta curiosit\u00e0 delle<a class=\"read-more\" href=\"https:\/\/www.lavikina.com\/it\/musica\/ana-clara\/\"> [&#8230;]<\/a><\/p>\n","protected":false},"author":3,"featured_media":486,"parent":176,"menu_order":0,"comment_status":"closed","ping_status":"closed","template":"page-artistamusica.php","meta":{"footnotes":""},"class_list":["post-127","page","type-page","status-publish","has-post-thumbnail","hentry"],"_links":{"self":[{"href":"https:\/\/www.lavikina.com\/it\/wp-json\/wp\/v2\/pages\/127","targetHints":{"allow":["GET"]}}],"collection":[{"href":"https:\/\/www.lavikina.com\/it\/wp-json\/wp\/v2\/pages"}],"about":[{"href":"https:\/\/www.lavikina.com\/it\/wp-json\/wp\/v2\/types\/page"}],"author":[{"embeddable":true,"href":"https:\/\/www.lavikina.com\/it\/wp-json\/wp\/v2\/users\/3"}],"replies":[{"embeddable":true,"href":"https:\/\/www.lavikina.com\/it\/wp-json\/wp\/v2\/comments?post=127"}],"version-history":[{"count":30,"href":"https:\/\/www.lavikina.com\/it\/wp-json\/wp\/v2\/pages\/127\/revisions"}],"predecessor-version":[{"id":754,"href":"https:\/\/www.lavikina.com\/it\/wp-json\/wp\/v2\/pages\/127\/revisions\/754"}],"up":[{"embeddable":true,"href":"https:\/\/www.lavikina.com\/it\/wp-json\/wp\/v2\/pages\/176"}],"wp:featuredmedia":[{"embeddable":true,"href":"https:\/\/www.lavikina.com\/it\/wp-json\/wp\/v2\/media\/486"}],"wp:attachment":[{"href":"https:\/\/www.lavikina.com\/it\/wp-json\/wp\/v2\/media?parent=127"}],"curies":[{"name":"wp","href":"https:\/\/api.w.org\/{rel}","templated":true}]}}

<div id="artistbiography" style="height:400px">
<div id="attachment_111" style="width: 250px" class="wp-caption alignleft"><img loading="lazy" decoding="async" aria-describedby="caption-attachment-111" class="wp-image-111 size-full" src="https://www.lavikina.com/de/wp-content/uploads/sites/3/2016/07/AnaClara02.png" alt="Ana Clara" width="240" height="360" /><p id="caption-attachment-111" class="wp-caption-text">Foto: Tita Padilha</p></div>
<p>Ana Clara è una cantautrice di Belem (Pará, Amazonia, Brasile) dove lavora come speaker radio. Ha fatto degli studi in Italia sulla radiodiffusione orientata alla musica tra gli anni 2010 e 2011.</p>
<p>Il suo lavoro musicale si può definire di stile Pop e abbina tenerezza e acidità, suoni morbidi e chitarre distorte. Ana Clara ha realizzato un EP (Canções de Depois &#8211; 2014 &#8211; CD y vinil), un album (Ana Clara &#8211; 2015 &#8211; CD), e ha iniziato a lavorare alla sua seconda produzione.</p>
</div>
<div id="artistmusic"></div>
<div id="artistmisc">
<p>Ana Clara ci racconta curiosità delle sue canzoni:</p>
<p>&#8220;<i>Prumar</i> è una canzone di Estevao Bertoni un cantautore di Sao Paolo ed è una canzone forte che mi fa venire la voglia di vita propria.&#8221;</p>
<p>&#8220;<i>Souvenir</i> è una canzone che ho scritto con Sammliz e Ed Guerreiro sono due amici. A quel punto abitavamo lontano. Quindi ho inviato per mail le parole ed abbiamo fatto così insieme. Il pezzo parla di un amore finito. Vi invito a sentire la canzone!&#8221;</p>
<p>&#8220;<i>Polaroid sem cor</i> è un pezzo che ho scritto con alcuni artisti che mi piacciono tantissimo Toni Soares e Mariano Klautau Filho. Ero già una fan. Ho lavorato con loro in altri momenti ed è un pezzo belissimo!&#8221;</p>
<p>&#8220;<i>Ele sabe dancar</i> è un pezzo che ho fatto con Joao Lemos parla di un ragazzo che quando non c&#8217;è nessuno accanto a lui, lui può danzare. Quello succede solo di notte quando non c&#8217;è nessuno &#8230; senza pregiudizi &#8230; capisci?&#8221;</p>
</div>
<div id="artistvideos">
<h1>Videos:</h1>
<div class="artistvideo">
<div class="postvideo">
<div class="video-container">
<iframe loading="lazy" width="560" height="315" src="https://www.youtube.com/embed/cB8dVbvzc-s" frameborder="0" gesture="media" allow="encrypted-media" allowfullscreen></iframe>
</div>
</div>
<div class="postvideo">
<div class="video-container">
<iframe loading="lazy" width="560" height="315" src="https://www.youtube.com/embed/e8K10tbjQcc" frameborder="0" gesture="media" allow="encrypted-media" allowfullscreen></iframe>
</div>
</div>
</div>
</div>
<div id="artistlinks">
<h1>Links:</h1>
<p>Fanpage: <a href="https://www.facebook.com/musica.anaclara/" target="_blank" rel="noreferrer">https://www.facebook.com/musica.anaclara</a></p>
</div>

<p>Ana Clara è una cantautrice di Belem (Pará, Amazonia, Brasile) dove lavora come speaker radio. Ha fatto degli studi in Italia sulla radiodiffusione orientata alla musica tra gli anni 2010 e 2011. Il suo lavoro musicale si può definire di stile Pop e abbina tenerezza e acidità, suoni morbidi e chitarre distorte. Ana Clara ha realizzato un EP (Canções de Depois &#8211; 2014 &#8211; CD y vinil), un album (Ana Clara &#8211; 2015 &#8211; CD), e ha iniziato a lavorare alla sua seconda produzione. Ana Clara ci racconta curiosità delle<a class="read-more" href="https://www.lavikina.com/it/musica/ana-clara/"> [&#8230;]</a></p>
